is the highest common factor of 9 and n?
9
Suppose d = -p + 1, -2*p = p + 9. Calculate the greatest common factor of 52 and d.
4
Let m(z) = z**2 - 8*z + 8. Let s be m(12). Suppose -n = 3*n - s. What is the greatest common factor of 14 and n?
14
Let u be 3 - 6/3 - -1. Let q(t) = 0*t**2 + 0*t**2 - u*t + t**2 + 12*t + 11. Let r be q(-11). Calculate the highest common divisor of 154 and r.
22
Let m(g) = -3*g**3 - 4*g**2 - 7*g - 4. Let a be m(-2). Calculate the greatest common divisor of a and 18.
18
Let j be (0 + 6)/((-1)/(-2)). What is the greatest common divisor of j and 30?
6
Let h(o) = 22*o**2 - 2*o + 1. Let y be h(1). Let v(n) = -2*n + 1. Let j be v(-4). Let c = y - j. What is the greatest common factor of 84 and c?
12
Suppose 5 = -v, 159 + 41 = 3*s - 4*v. Suppose 0 = -2*j + 52 + s. What is the greatest common factor of 7 and j?
7
Let l(q) be the first derivative of -27*q**2/2 - 3*q - 3. Let b be l(-1). Calculate the highest common divisor of b and 12.
12
Let y be -2*((-3 - -2) + 0). Suppose 3*b + 0*v - y = -2*v, 2 = -2*b - 2*v. Let n = b - -2. Calculate the greatest common divisor of 6 and n.
6
Suppose 2*i = -3*i. Suppose i = -2*r + 5*x + 553, 0*r + 2*x = 5*r - 1330. Let l = r + -144. Calculate the greatest common factor of 15 and l.
15
Suppose 3*s - 14 = -5. Suppose 8 = s*w - 5*b, 5*w - 4*b - 22 = -0*w. Suppose -6 = 3*g - 4*g. Calculate the greatest common factor of g and w.
6
Suppose -20 = 7*q - 2*q, -5*l + 5*q = 95. Let h = l - -47. What is the highest common factor of 12 and h?
12
Let u = -1 + 2. Let a be -7*u*2/(-1). What is the highest common factor of a and 28?
14
Let u(a) = -a**3 - 12*a**2 - 12*a + 1. Let f be u(-11). What is the greatest common factor of f and 12?
12
Suppose 4*j - 2*l - 46 = 0, -2*l + 19 + 12 = 3*j. Let p be 7*-1 + -2 - -2. Let v = j + p. Calculate the highest common divisor of 20 and v.
4
Let c(y) = -14*y**3 - 4*y**2 - 5*y - 3. Let h be c(-1). Calculate the greatest common factor of 108 and h.
12
Let t = -5 - -2. Let j be ((-17)/t)/(1/24). What is the greatest common divisor of 17 and j?
17
Suppose 4*z - 108 = -2*l, -26 + 183 = 3*l + 5*z. What is the greatest common divisor of l and 110?
22
Let h(o) = -o**3 + 5*o**2 + 8*o - 4. Let y be h(6). Suppose -2*d - 5*k + 60 = 0, 36 = 5*d - 4*k - 180. What is the highest common divisor of y and d?
8
Let w = 116 - 82. What is the greatest common divisor of w and 306?
34
Suppose 2*z - 69 = 3. Let t(h) = 7*h - 20 - 5*h - h**2 + 4*h + 6*h. Let b be t(8). Calculate the greatest common divisor of b and z.
12
Suppose 4*k + 4*i - 32 = 0, 2*k + 4*i - 14 = i. Suppose 0 = -6*j + 3*j + 6. What is the highest common divisor of k and j?
2
Suppose 2*a - 9 = 3*m - 25, -6 = 2*m + 2*a. What is the highest common factor of m and 32?
2
Let r be (-1116)/(-42) - (-3)/7. What is the highest common divisor of r and 3?
3
Suppose 0 = 377*c - 374*c - 195. Calculate the greatest common factor of 65 and c.
65
Suppose w + 3*r + 43 = 0, 4*w - 4*r - 48 = 5*w. Let l = -21 - w. Calculate the highest common divisor of 35 and l.
7
Suppose -8*d + 2*d + 144 = 0. Calculate the highest common divisor of 8 and d.
8
Let o(w) = 25*w**2 + 3*w + 3. Let g be o(-1). What is the highest common factor of g and 10?
5
Suppose -23 = -4*g - z, 0 = -5*z + 5 + 10. Suppose -g*s + 35 + 0 = 0. Let h be -2 + -8*2/(-1). What is the highest common divisor of h and s?
7
Let y(n) = -n**3 - 3*n**2 + n + 3. Let l be y(-3). Suppose 0 = -3*m - l - 9, 3*p + m - 18 = 0. What is the highest common divisor of p and 7?
7
Suppose 2*k + 5*t + 18 = 99, -k - t = -45. What is the highest common divisor of k and 6?
6
Let z be -3*5/(-15)*23. Let t be 0/2 + 207*1. Suppose -2*w + t = -w. What is the highest common factor of z and w?
23
Let c(s) = -29*s - 1. Let w be c(-1). What is the greatest common factor of w and 70?
14
Let h(d) be the third derivative of -17*d**6/120 - d**5/30 - d**4/24 - 7*d**2. Let r be h(-1). What is the greatest common factor of 4 and r?
4
Let y = 18 - 17. Calculate the greatest common factor of 1 and y.
1
Let v(z) = z + 13. Let j be v(15). Calculate the greatest common divisor of 196 and j.
28
Suppose 0 = -4*m - 2*b - 24 + 286, 3*m = 5*b + 190. Calculate the greatest common divisor of m and 26.
13
Suppose -2*q + 29 = -29. Calculate the highest common factor of q and 87.
29
Let k(q) = 2*q**2 - 7*q - 18. Let n be k(-6). Suppose u = -4*l + 49, 4*l + 5*u - 65 = -l. What is the highest common divisor of l and n?
12
Let a = -20 + 33. What is the greatest common factor of a and 78?
13
Let n be (20/6)/(2/9). Let a(k) = -k - 7. Let v be a(-7). Suppose -2*r = r + n, v = 5*i - 5*r - 130. What is the greatest common divisor of 7 and i?
7
Let j(d) = -d**3 - 2*d**2 + 7*d - 7. Let o be j(-5). What is the highest common divisor of o and 55?
11
Let w = -4 + 6. Let y = w + 7. What is the highest common divisor of 81 and y?
9
Let x(g) = -4*g - 1. Let t(v) = 2*v. Let r(n) = -10*t(n) - 4*x(n). Let q be r(-4). What is the greatest common divisor of 8 and q?
4
Let o be 2/(-4)*(-10 + 10) - -1. Let r be (0/(-2) - -2) + 1. What is the highest common factor of r and o?
1
Let u(f) = -53*f - 2. Let j be u(-4). Suppose -5*s + 2*s + 3 = -2*c, s - 4*c - 1 = 0. Suppose -o + 22 = s. Calculate the greatest common factor of o and j.
21
Let p(j) = j**3 + 5*j**2 - j - 3. Let i be p(-5). Suppose -u + i = -1. What is the greatest common divisor of 15 and u?
3
Let w(v) = 4*v - 18. Let t be w(22). Calculate the greatest common divisor of t and 7.
7
Let k(m) = -7*m + 7. Let g be k(-9). Let r be -1*(4 - (-1 + 19)). Calculate the greatest common factor of r and g.
14
Let a be -2 + 9/3 + -1. Let l be (-17 + -1)*(-2 + -1). Suppose -4*z + z + l = a. Calculate the highest common factor of z and 18.
18
Let v = -10 - -19. Let i = -6 + v. Suppose -5*t + 72 = 2*c, -3*c - 41 = -i*t - 2*c. Calculate the highest common divisor of t and 35.
7
Let s be (0 - 6/(-9))*3. Suppose 3*b + 27 + 13 = s*g, 0 = -3*g - 2*b + 47. Calculate the greatest common factor of g and 119.
17
Suppose -50 = -0*k - 5*k. Suppose k*l = 5*l + 200. Suppose 5*a + 2 = -3, 3*u - 4*a = 19. Calculate the greatest common factor of u and l.
5
Suppose 5*p - m - 82 = 0, -4*p + 4*m - 2*m + 62 = 0. Calculate the greatest common factor of p and 68.
17
Let q(y) = y**2 + 2*y - 4. Suppose -3*u - 17 = -j, -9 = -4*u + j - 30. Let n be q(u). Calculate the greatest common factor of n and 6.
2
Suppose -2*i = -2*j + 190, j - 3*j + 170 = 2*i. Let l = 13 + -2. Suppose 2*x - 9 = l. Calculate the highest common divisor of x and j.
10
Suppose 3 + 5 = t. Suppose 3*p + 255 = t*p. Let s = 5 + 29. What is the greatest common factor of s and p?
17
Let v = 67 - 47. Let j(a) = a**2 - 9*a + 2. Let m be j(8). Let c(w) = -w**3 - 6*w**2 - w + 2. Let s be c(m). What is the highest common divisor of s and v?
4
Let s = 1 - -2. Suppose -s*t + 71 + 19 = 0. Let h(w) = 5*w**2 - w + 2. Let f be h(2). Calculate the greatest common factor of t and f.
10
Let d(i) = 4*i**2 - 10*i - 11. Let g(z) = -2*z**2 + 5*z + 5. Let x(b) = -3*d(b) - 7*g(b). Let f be x(4). Calculate the greatest common factor of 70 and f.
10
Let s be (12/(-8))/(1/(-10)). What is the greatest common factor of 135 and s?
15
Suppose -5 - 15 = -4*d. Calculate the greatest common factor of d and 5.
5
Let h be 3*1/(-4)*-44. Suppose -18*p + 25*p = 21. Calculate the highest common divisor of h and p.
3
Suppose 0*w - k = 4*w - 9, -w - k + 6 = 0. Suppose 5*j - 6 + w = 0. Let r(o) = -4*o + 26. Let v be r(4). Calculate the highest common divisor of j and v.
1
Let h(d) = -d - 1. Let z be 62/(-22) + (-2)/11. Let o be h(z). Suppose 5*b - o = 3. What is the highest common divisor of b and 1?
1
Suppose 1265 = 2*u + 3*u. Suppose -15*o + 23*o = 184. What is the greatest common divisor of o and u?
23
Let o = -26 + 131. Calculate the highest common divisor of 21 and o.
21
Let s(v) = -v**2 + 13*v + 13. Let b be s(13). Calculate the greatest common factor of 117 and b.
13
Let g(k) = -k + 2. Let m be g(-2). Suppose -m*u + 5*h + 62 = 0, 0*u + u = -2*h + 9. Let a = -46 + 98. Calculate the highest common factor of a and u.
13
Suppose -2*m - 3*m + 70 = 0. Suppose 0 = 4*n + 2*a - m, -3*a = -5*n - 0*a + 1. What is the highest common factor of n and 1?
1
Suppose 5*i = -4*b + 37 + 7, 2*i - 3*b - 13 = 0. Suppose -i = -2*